{"id":39,"date":"2015-04-14T10:48:43","date_gmt":"2015-04-14T10:48:43","guid":{"rendered":"http:\/\/fusion.tvmerishausen.ch\/wordpress\/?page_id=39"},"modified":"2026-03-17T20:27:25","modified_gmt":"2026-03-17T20:27:25","slug":"tanz-in-den-mai","status":"publish","type":"page","link":"https:\/\/tvmerishausen.ch\/wordpress\/events\/tanz-in-den-mai\/","title":{"rendered":"Tanz in den Mai 2026"},"content":{"rendered":"\n<figure class=\"wp-block-image size-large\"><a href=\"https:\/\/tvmerishausen.ch\/wordpress\/wp-content\/uploads\/2026\/03\/tanz-in-den-mai-2026-Flyer-4neu.png\"><img loading=\"lazy\" decoding=\"async\" width=\"724\" height=\"1024\" src=\"https:\/\/tvmerishausen.ch\/wordpress\/wp-content\/uploads\/2026\/03\/tanz-in-den-mai-2026-Flyer-4neu-724x1024.png\" alt=\"\" class=\"wp-image-2219\" srcset=\"https:\/\/tvmerishausen.ch\/wordpress\/wp-content\/uploads\/2026\/03\/tanz-in-den-mai-2026-Flyer-4neu-724x1024.png 724w, https:\/\/tvmerishausen.ch\/wordpress\/wp-content\/uploads\/2026\/03\/tanz-in-den-mai-2026-Flyer-4neu-212x300.png 212w, https:\/\/tvmerishausen.ch\/wordpress\/wp-content\/uploads\/2026\/03\/tanz-in-den-mai-2026-Flyer-4neu-768x1086.png 768w, https:\/\/tvmerishausen.ch\/wordpress\/wp-content\/uploads\/2026\/03\/tanz-in-den-mai-2026-Flyer-4neu-1086x1536.png 1086w, https:\/\/tvmerishausen.ch\/wordpress\/wp-content\/uploads\/2026\/03\/tanz-in-den-mai-2026-Flyer-4neu-700x990.png 700w, https:\/\/tvmerishausen.ch\/wordpress\/wp-content\/uploads\/2026\/03\/tanz-in-den-mai-2026-Flyer-4neu-332x470.png 332w, https:\/\/tvmerishausen.ch\/wordpress\/wp-content\/uploads\/2026\/03\/tanz-in-den-mai-2026-Flyer-4neu.png 1414w\" sizes=\"auto, (max-width: 724px) 100vw, 724px\" \/><\/a><\/figure>\n\n\n\n<p>2025<\/p>\n\n\n\n<figure class=\"wp-block-image size-medium\"><a href=\"https:\/\/tvmerishausen.ch\/wordpress\/wp-content\/uploads\/2025\/04\/Flyer2025.jpeg\"><img loading=\"lazy\" decoding=\"async\" width=\"213\" height=\"300\" src=\"https:\/\/tvmerishausen.ch\/wordpress\/wp-content\/uploads\/2025\/04\/Flyer2025-213x300.jpeg\" alt=\"\" class=\"wp-image-2013\" srcset=\"https:\/\/tvmerishausen.ch\/wordpress\/wp-content\/uploads\/2025\/04\/Flyer2025-213x300.jpeg 213w, https:\/\/tvmerishausen.ch\/wordpress\/wp-content\/uploads\/2025\/04\/Flyer2025-726x1024.jpeg 726w, https:\/\/tvmerishausen.ch\/wordpress\/wp-content\/uploads\/2025\/04\/Flyer2025-768x1083.jpeg 768w, https:\/\/tvmerishausen.ch\/wordpress\/wp-content\/uploads\/2025\/04\/Flyer2025-1090x1536.jpeg 1090w, https:\/\/tvmerishausen.ch\/wordpress\/wp-content\/uploads\/2025\/04\/Flyer2025-700x987.jpeg 700w, https:\/\/tvmerishausen.ch\/wordpress\/wp-content\/uploads\/2025\/04\/Flyer2025-332x468.jpeg 332w, https:\/\/tvmerishausen.ch\/wordpress\/wp-content\/uploads\/2025\/04\/Flyer2025.jpeg 1135w\" sizes=\"auto, (max-width: 213px) 100vw, 213px\" \/><\/a><\/figure>\n\n\n\n<p>Unsere allj\u00e4hrliche &#8222;Tanz in den Mai&#8220;-Party findet wieder statt. Dieses Jahr unter dem neuen Motto 2000&#8217;s.<\/p>\n\n\n\n<figure class=\"wp-block-image size-medium\"><a href=\"https:\/\/tvmerishausen.ch\/wordpress\/wp-content\/uploads\/2024\/04\/WhatsApp-Image-2024-04-21-at-11.53.02.jpeg\"><img loading=\"lazy\" decoding=\"async\" width=\"169\" height=\"300\" src=\"https:\/\/tvmerishausen.ch\/wordpress\/wp-content\/uploads\/2024\/04\/WhatsApp-Image-2024-04-21-at-11.53.02-169x300.jpeg\" alt=\"\" class=\"wp-image-1882\" srcset=\"https:\/\/tvmerishausen.ch\/wordpress\/wp-content\/uploads\/2024\/04\/WhatsApp-Image-2024-04-21-at-11.53.02-169x300.jpeg 169w, https:\/\/tvmerishausen.ch\/wordpress\/wp-content\/uploads\/2024\/04\/WhatsApp-Image-2024-04-21-at-11.53.02-576x1024.jpeg 576w, https:\/\/tvmerishausen.ch\/wordpress\/wp-content\/uploads\/2024\/04\/WhatsApp-Image-2024-04-21-at-11.53.02-768x1365.jpeg 768w, https:\/\/tvmerishausen.ch\/wordpress\/wp-content\/uploads\/2024\/04\/WhatsApp-Image-2024-04-21-at-11.53.02-864x1536.jpeg 864w, https:\/\/tvmerishausen.ch\/wordpress\/wp-content\/uploads\/2024\/04\/WhatsApp-Image-2024-04-21-at-11.53.02-700x1244.jpeg 700w, https:\/\/tvmerishausen.ch\/wordpress\/wp-content\/uploads\/2024\/04\/WhatsApp-Image-2024-04-21-at-11.53.02-332x590.jpeg 332w, https:\/\/tvmerishausen.ch\/wordpress\/wp-content\/uploads\/2024\/04\/WhatsApp-Image-2024-04-21-at-11.53.02.jpeg 900w\" sizes=\"auto, (max-width: 169px) 100vw, 169px\" \/><\/a><\/figure>\n\n\n\n<h2 class=\"wp-block-heading\">10 Jahre Jubil\u00e4um<\/h2>\n\n\n\n<p>Und f\u00fcr Heut ist wirklich Schluss&#8230;.<br>Das war wieder einmal eine legend\u00e4re Party mit euch. Singende Gesichter, tanzende Meute, abgehender DJ, verkostete M\u00e4uler, betrunkenes Barpersonal tanzend auf dem Tresen, was will man mehr. <br>Herzlichen Dank an alle Besucher, DJ Pino, Rolli und seine Crew am Smoker, und nat\u00fcrlich auch all unseren Sponsoren die uns unterst\u00fctzt haben. Wir sehen uns sp\u00e4testens am 30.04.2023 wieder. <\/p>\n\n\n\n<p>Viel Spass beim durchschauen der Fotos.<\/p>\n\n\n\n<figure class=\"wp-block-image size-medium\"><a href=\"https:\/\/photos.app.goo.gl\/ciwq2DLK4b2thK2N8\" target=\"_blank\" rel=\"noopener\"><img loading=\"lazy\" decoding=\"async\" width=\"300\" height=\"189\" src=\"https:\/\/tvmerishausen.ch\/wordpress\/wp-content\/uploads\/2022\/05\/DSC_0009-300x189.jpg\" alt=\"\" class=\"wp-image-1607\" srcset=\"https:\/\/tvmerishausen.ch\/wordpress\/wp-content\/uploads\/2022\/05\/DSC_0009-300x189.jpg 300w, https:\/\/tvmerishausen.ch\/wordpress\/wp-content\/uploads\/2022\/05\/DSC_0009-1024x644.jpg 1024w, https:\/\/tvmerishausen.ch\/wordpress\/wp-content\/uploads\/2022\/05\/DSC_0009-768x483.jpg 768w, https:\/\/tvmerishausen.ch\/wordpress\/wp-content\/uploads\/2022\/05\/DSC_0009-1536x965.jpg 1536w, https:\/\/tvmerishausen.ch\/wordpress\/wp-content\/uploads\/2022\/05\/DSC_0009-2048x1287.jpg 2048w, https:\/\/tvmerishausen.ch\/wordpress\/wp-content\/uploads\/2022\/05\/DSC_0009-700x440.jpg 700w, https:\/\/tvmerishausen.ch\/wordpress\/wp-content\/uploads\/2022\/05\/DSC_0009-332x209.jpg 332w\" sizes=\"auto, (max-width: 300px) 100vw, 300px\" \/><\/a><figcaption class=\"wp-element-caption\"> 10. Schlagerparty <\/figcaption><\/figure>\n\n\n\n<figure class=\"wp-block-image size-medium\"><a href=\"https:\/\/tvmerishausen.ch\/wordpress\/wp-content\/uploads\/2022\/03\/Flyer10JahreSchlagerparty.jpeg\"><img loading=\"lazy\" decoding=\"async\" width=\"300\" height=\"213\" src=\"https:\/\/tvmerishausen.ch\/wordpress\/wp-content\/uploads\/2022\/03\/Flyer10JahreSchlagerparty-300x213.jpeg\" alt=\"\" class=\"wp-image-1586\" srcset=\"https:\/\/tvmerishausen.ch\/wordpress\/wp-content\/uploads\/2022\/03\/Flyer10JahreSchlagerparty-300x213.jpeg 300w, https:\/\/tvmerishausen.ch\/wordpress\/wp-content\/uploads\/2022\/03\/Flyer10JahreSchlagerparty-1024x726.jpeg 1024w, https:\/\/tvmerishausen.ch\/wordpress\/wp-content\/uploads\/2022\/03\/Flyer10JahreSchlagerparty-768x545.jpeg 768w, https:\/\/tvmerishausen.ch\/wordpress\/wp-content\/uploads\/2022\/03\/Flyer10JahreSchlagerparty-1536x1090.jpeg 1536w, https:\/\/tvmerishausen.ch\/wordpress\/wp-content\/uploads\/2022\/03\/Flyer10JahreSchlagerparty-700x497.jpeg 700w, https:\/\/tvmerishausen.ch\/wordpress\/wp-content\/uploads\/2022\/03\/Flyer10JahreSchlagerparty-332x236.jpeg 332w, https:\/\/tvmerishausen.ch\/wordpress\/wp-content\/uploads\/2022\/03\/Flyer10JahreSchlagerparty.jpeg 1748w\" sizes=\"auto, (max-width: 300px) 100vw, 300px\" \/><\/a><\/figure>\n\n\n\n<p>Weitere Bilder von \u00e4lteren Jahren findest du in unserer Galerie.<\/p>\n","protected":false},"excerpt":{"rendered":"<p>2025 Unsere allj\u00e4hrliche &#8222;Tanz in den Mai&#8220;-Party findet wieder statt. Dieses Jahr unter dem neuen Motto 2000&#8217;s. 10 Jahre Jubil\u00e4um Und f\u00fcr Heut ist wirklich Schluss&#8230;.Das war wieder einmal eine legend\u00e4re Party mit euch. Singende Gesichter, tanzende Meute, abgehender DJ, verkostete M\u00e4uler, betrunkenes Barpersonal tanzend auf dem Tresen, was will &#8230;<\/p>\n","protected":false},"author":3,"featured_media":0,"parent":37,"menu_order":10,"comment_status":"closed","ping_status":"closed","template":"template-content-sidebar.php","meta":{"footnotes":""},"class_list":["post-39","page","type-page","status-publish","hentry","column","twocol"],"_links":{"self":[{"href":"https:\/\/tvmerishausen.ch\/wordpress\/wp-json\/wp\/v2\/pages\/39","targetHints":{"allow":["GET"]}}],"collection":[{"href":"https:\/\/tvmerishausen.ch\/wordpress\/wp-json\/wp\/v2\/pages"}],"about":[{"href":"https:\/\/tvmerishausen.ch\/wordpress\/wp-json\/wp\/v2\/types\/page"}],"author":[{"embeddable":true,"href":"https:\/\/tvmerishausen.ch\/wordpress\/wp-json\/wp\/v2\/users\/3"}],"replies":[{"embeddable":true,"href":"https:\/\/tvmerishausen.ch\/wordpress\/wp-json\/wp\/v2\/comments?post=39"}],"version-history":[{"count":32,"href":"https:\/\/tvmerishausen.ch\/wordpress\/wp-json\/wp\/v2\/pages\/39\/revisions"}],"predecessor-version":[{"id":2220,"href":"https:\/\/tvmerishausen.ch\/wordpress\/wp-json\/wp\/v2\/pages\/39\/revisions\/2220"}],"up":[{"embeddable":true,"href":"https:\/\/tvmerishausen.ch\/wordpress\/wp-json\/wp\/v2\/pages\/37"}],"wp:attachment":[{"href":"https:\/\/tvmerishausen.ch\/wordpress\/wp-json\/wp\/v2\/media?parent=39"}],"curies":[{"name":"wp","href":"https:\/\/api.w.org\/{rel}","templated":true}]}}