{"id":41,"date":"2015-04-14T10:52:04","date_gmt":"2015-04-14T10:52:04","guid":{"rendered":"http:\/\/fusion.tvmerishausen.ch\/wordpress\/?page_id=41"},"modified":"2025-09-09T09:08:46","modified_gmt":"2025-09-09T09:08:46","slug":"chraenzli","status":"publish","type":"page","link":"https:\/\/tvmerishausen.ch\/wordpress\/events\/chraenzli\/","title":{"rendered":"Chr\u00e4nzli"},"content":{"rendered":"\n<h2 class=\"wp-block-heading\">2025<\/h2>\n\n\n\n<p>Vorverkauftickets:<br><a href=\"https:\/\/qrfy.io\/QqcM5Io9xt\" target=\"_blank\" rel=\"noreferrer noopener\">https:\/\/qrfy.io\/QqcM5Io9xt<\/a><\/p>\n\n\n\n<figure class=\"wp-block-image size-full\"><a href=\"https:\/\/qrfy.io\/QqcM5Io9xt\" target=\"_blank\" rel=\" noreferrer noopener\"><img loading=\"lazy\" decoding=\"async\" width=\"386\" height=\"270\" src=\"https:\/\/tvmerishausen.ch\/wordpress\/wp-content\/uploads\/2021\/10\/ticket.jpg\" alt=\"https:\/\/qrfy.io\/QqcM5Io9xt\" class=\"wp-image-1483\" srcset=\"https:\/\/tvmerishausen.ch\/wordpress\/wp-content\/uploads\/2021\/10\/ticket.jpg 386w, https:\/\/tvmerishausen.ch\/wordpress\/wp-content\/uploads\/2021\/10\/ticket-300x210.jpg 300w, https:\/\/tvmerishausen.ch\/wordpress\/wp-content\/uploads\/2021\/10\/ticket-332x232.jpg 332w\" sizes=\"auto, (max-width: 386px) 100vw, 386px\" \/><\/a><\/figure>\n\n\n\n<figure class=\"wp-block-image size-full\"><a href=\"https:\/\/tvmerishausen.ch\/wordpress\/wp-content\/uploads\/2025\/09\/flyer2025.jpg\"><img loading=\"lazy\" decoding=\"async\" width=\"610\" height=\"871\" src=\"https:\/\/tvmerishausen.ch\/wordpress\/wp-content\/uploads\/2025\/09\/flyer2025.jpg\" alt=\"\" class=\"wp-image-2160\" srcset=\"https:\/\/tvmerishausen.ch\/wordpress\/wp-content\/uploads\/2025\/09\/flyer2025.jpg 610w, https:\/\/tvmerishausen.ch\/wordpress\/wp-content\/uploads\/2025\/09\/flyer2025-210x300.jpg 210w, https:\/\/tvmerishausen.ch\/wordpress\/wp-content\/uploads\/2025\/09\/flyer2025-332x474.jpg 332w\" sizes=\"auto, (max-width: 610px) 100vw, 610px\" \/><\/a><\/figure>\n\n\n\n<h2 class=\"wp-block-heading\">2024<\/h2>\n\n\n\n<p>Vorverkauf:<\/p>\n\n\n\n<p>Wir freuen uns auf deinen Besuch.<br>Durachtal sucht das SUPERTALENT!!<\/p>\n\n\n\n<figure class=\"wp-block-image size-large\"><a href=\"https:\/\/tvmerishausen.ch\/wordpress\/wp-content\/uploads\/2024\/10\/FlyerChraenzli2024.jpeg\"><img loading=\"lazy\" decoding=\"async\" width=\"726\" height=\"1024\" src=\"https:\/\/tvmerishausen.ch\/wordpress\/wp-content\/uploads\/2024\/10\/FlyerChraenzli2024-726x1024.jpeg\" alt=\"\" class=\"wp-image-1920\" srcset=\"https:\/\/tvmerishausen.ch\/wordpress\/wp-content\/uploads\/2024\/10\/FlyerChraenzli2024-726x1024.jpeg 726w, https:\/\/tvmerishausen.ch\/wordpress\/wp-content\/uploads\/2024\/10\/FlyerChraenzli2024-213x300.jpeg 213w, https:\/\/tvmerishausen.ch\/wordpress\/wp-content\/uploads\/2024\/10\/FlyerChraenzli2024-768x1083.jpeg 768w, https:\/\/tvmerishausen.ch\/wordpress\/wp-content\/uploads\/2024\/10\/FlyerChraenzli2024-1090x1536.jpeg 1090w, https:\/\/tvmerishausen.ch\/wordpress\/wp-content\/uploads\/2024\/10\/FlyerChraenzli2024-700x987.jpeg 700w, https:\/\/tvmerishausen.ch\/wordpress\/wp-content\/uploads\/2024\/10\/FlyerChraenzli2024-332x468.jpeg 332w, https:\/\/tvmerishausen.ch\/wordpress\/wp-content\/uploads\/2024\/10\/FlyerChraenzli2024.jpeg 1135w\" sizes=\"auto, (max-width: 726px) 100vw, 726px\" \/><\/a><\/figure>\n\n\n\n<h2 class=\"wp-block-heading\">2023<\/h2>\n\n\n\n<figure class=\"wp-block-image size-medium\"><a href=\"https:\/\/tvmerishausen.ch\/wordpress\/wp-content\/uploads\/2023\/10\/WhatsApp-Image-2023-10-10-at-21.05.45.jpeg\"><img loading=\"lazy\" decoding=\"async\" width=\"210\" height=\"300\" src=\"https:\/\/tvmerishausen.ch\/wordpress\/wp-content\/uploads\/2023\/10\/WhatsApp-Image-2023-10-10-at-21.05.45-210x300.jpeg\" alt=\"\" class=\"wp-image-1839\" srcset=\"https:\/\/tvmerishausen.ch\/wordpress\/wp-content\/uploads\/2023\/10\/WhatsApp-Image-2023-10-10-at-21.05.45-210x300.jpeg 210w, https:\/\/tvmerishausen.ch\/wordpress\/wp-content\/uploads\/2023\/10\/WhatsApp-Image-2023-10-10-at-21.05.45-716x1024.jpeg 716w, https:\/\/tvmerishausen.ch\/wordpress\/wp-content\/uploads\/2023\/10\/WhatsApp-Image-2023-10-10-at-21.05.45-768x1099.jpeg 768w, https:\/\/tvmerishausen.ch\/wordpress\/wp-content\/uploads\/2023\/10\/WhatsApp-Image-2023-10-10-at-21.05.45-1073x1536.jpeg 1073w, https:\/\/tvmerishausen.ch\/wordpress\/wp-content\/uploads\/2023\/10\/WhatsApp-Image-2023-10-10-at-21.05.45-700x1002.jpeg 700w, https:\/\/tvmerishausen.ch\/wordpress\/wp-content\/uploads\/2023\/10\/WhatsApp-Image-2023-10-10-at-21.05.45-332x475.jpeg 332w, https:\/\/tvmerishausen.ch\/wordpress\/wp-content\/uploads\/2023\/10\/WhatsApp-Image-2023-10-10-at-21.05.45.jpeg 1118w\" sizes=\"auto, (max-width: 210px) 100vw, 210px\" \/><\/a><\/figure>\n\n\n\n<h2 class=\"wp-block-heading\">2022<\/h2>\n\n\n\n<figure class=\"wp-block-image size-medium\"><a href=\"https:\/\/tvmerishausen.ch\/wordpress\/wp-content\/uploads\/2022\/10\/Flyer-2022.jpg\"><img loading=\"lazy\" decoding=\"async\" width=\"213\" height=\"300\" src=\"https:\/\/tvmerishausen.ch\/wordpress\/wp-content\/uploads\/2022\/10\/Flyer-2022-213x300.jpg\" alt=\"\" class=\"wp-image-1687\" srcset=\"https:\/\/tvmerishausen.ch\/wordpress\/wp-content\/uploads\/2022\/10\/Flyer-2022-213x300.jpg 213w, https:\/\/tvmerishausen.ch\/wordpress\/wp-content\/uploads\/2022\/10\/Flyer-2022-726x1024.jpg 726w, https:\/\/tvmerishausen.ch\/wordpress\/wp-content\/uploads\/2022\/10\/Flyer-2022-768x1083.jpg 768w, https:\/\/tvmerishausen.ch\/wordpress\/wp-content\/uploads\/2022\/10\/Flyer-2022-1090x1536.jpg 1090w, https:\/\/tvmerishausen.ch\/wordpress\/wp-content\/uploads\/2022\/10\/Flyer-2022-700x987.jpg 700w, https:\/\/tvmerishausen.ch\/wordpress\/wp-content\/uploads\/2022\/10\/Flyer-2022-332x468.jpg 332w, https:\/\/tvmerishausen.ch\/wordpress\/wp-content\/uploads\/2022\/10\/Flyer-2022.jpg 1240w\" sizes=\"auto, (max-width: 213px) 100vw, 213px\" \/><\/a><\/figure>\n\n\n\n<h2 class=\"wp-block-heading\">2021<\/h2>\n\n\n\n<figure class=\"wp-block-image size-medium\"><a href=\"https:\/\/tvmerishausen.ch\/wordpress\/wp-content\/uploads\/2021\/10\/WhatsApp-Image-2021-10-08-at-20.02.04.jpeg\"><img loading=\"lazy\" decoding=\"async\" width=\"213\" height=\"300\" src=\"https:\/\/tvmerishausen.ch\/wordpress\/wp-content\/uploads\/2021\/10\/WhatsApp-Image-2021-10-08-at-20.02.04-213x300.jpeg\" alt=\"\" class=\"wp-image-1474\" srcset=\"https:\/\/tvmerishausen.ch\/wordpress\/wp-content\/uploads\/2021\/10\/WhatsApp-Image-2021-10-08-at-20.02.04-213x300.jpeg 213w, https:\/\/tvmerishausen.ch\/wordpress\/wp-content\/uploads\/2021\/10\/WhatsApp-Image-2021-10-08-at-20.02.04-726x1024.jpeg 726w, https:\/\/tvmerishausen.ch\/wordpress\/wp-content\/uploads\/2021\/10\/WhatsApp-Image-2021-10-08-at-20.02.04-768x1083.jpeg 768w, https:\/\/tvmerishausen.ch\/wordpress\/wp-content\/uploads\/2021\/10\/WhatsApp-Image-2021-10-08-at-20.02.04-1090x1536.jpeg 1090w, https:\/\/tvmerishausen.ch\/wordpress\/wp-content\/uploads\/2021\/10\/WhatsApp-Image-2021-10-08-at-20.02.04-700x987.jpeg 700w, https:\/\/tvmerishausen.ch\/wordpress\/wp-content\/uploads\/2021\/10\/WhatsApp-Image-2021-10-08-at-20.02.04-332x468.jpeg 332w, https:\/\/tvmerishausen.ch\/wordpress\/wp-content\/uploads\/2021\/10\/WhatsApp-Image-2021-10-08-at-20.02.04.jpeg 1240w\" sizes=\"auto, (max-width: 213px) 100vw, 213px\" \/><\/a><\/figure>\n\n\n\n<h2 class=\"wp-block-heading\">2020<\/h2>\n\n\n\n<p>Abgesagt, Corona<\/p>\n\n\n\n<h2 class=\"wp-block-heading\">2019<\/h2>\n\n\n\n<figure class=\"wp-block-image size-medium\"><img loading=\"lazy\" decoding=\"async\" width=\"213\" height=\"300\" src=\"https:\/\/tvmerishausen.ch\/wordpress\/wp-content\/uploads\/2019\/10\/Chraenzli2019-213x300.jpeg\" alt=\"\" class=\"wp-image-1240\" srcset=\"https:\/\/tvmerishausen.ch\/wordpress\/wp-content\/uploads\/2019\/10\/Chraenzli2019-213x300.jpeg 213w, https:\/\/tvmerishausen.ch\/wordpress\/wp-content\/uploads\/2019\/10\/Chraenzli2019-768x1083.jpeg 768w, https:\/\/tvmerishausen.ch\/wordpress\/wp-content\/uploads\/2019\/10\/Chraenzli2019-726x1024.jpeg 726w, https:\/\/tvmerishausen.ch\/wordpress\/wp-content\/uploads\/2019\/10\/Chraenzli2019-700x987.jpeg 700w, https:\/\/tvmerishausen.ch\/wordpress\/wp-content\/uploads\/2019\/10\/Chraenzli2019-332x468.jpeg 332w, https:\/\/tvmerishausen.ch\/wordpress\/wp-content\/uploads\/2019\/10\/Chraenzli2019.jpeg 1240w\" sizes=\"auto, (max-width: 213px) 100vw, 213px\" \/><\/figure>\n\n\n\n<p><\/p>\n\n\n\n<h2 class=\"wp-block-heading\"> 2018 Rand\u00e4, \u00fcsi Haamet -&gt; Sketch <\/h2>\n\n\n<p><iframe loading=\"lazy\" title=\"Rand\u00e4, \u00fcsi Haamet, Vorspann\" width=\"660\" height=\"371\" src=\"https:\/\/www.youtube.com\/embed\/_Z0DB_wcEYg?list=PL4lPLZB-Dt-Xkjj7g37CnOvSaWlLxrygc\" frameborder=\"0\" allow=\"accelerometer; autoplay; clipboard-write; encrypted-media; gyroscope; picture-in-picture; web-share\" referrerpolicy=\"strict-origin-when-cross-origin\" allowfullscreen><\/iframe><\/p>\n<p><a href=\"https:\/\/photos.app.goo.gl\/nMSVuxLQzQTyTYXAA\" target=\"_blank\" rel=\"noopener noreferrer\"><img loading=\"lazy\" decoding=\"async\" class=\"wp-image-942 size-medium\" src=\"https:\/\/tvmerishausen.ch\/wordpress\/wp-content\/uploads\/2018\/11\/DSC_0669-300x200.jpg\" alt=\"Rand\u00e4, \u00fcsi Haamet\" width=\"300\" height=\"200\" srcset=\"https:\/\/tvmerishausen.ch\/wordpress\/wp-content\/uploads\/2018\/11\/DSC_0669-300x200.jpg 300w, https:\/\/tvmerishausen.ch\/wordpress\/wp-content\/uploads\/2018\/11\/DSC_0669-768x512.jpg 768w, https:\/\/tvmerishausen.ch\/wordpress\/wp-content\/uploads\/2018\/11\/DSC_0669-1024x683.jpg 1024w, https:\/\/tvmerishausen.ch\/wordpress\/wp-content\/uploads\/2018\/11\/DSC_0669-700x467.jpg 700w, https:\/\/tvmerishausen.ch\/wordpress\/wp-content\/uploads\/2018\/11\/DSC_0669-332x221.jpg 332w\" sizes=\"auto, (max-width: 300px) 100vw, 300px\" \/><\/a><\/p>\n<\/p>\n<p>2018 Rand\u00e4, \u00fcsi Haamet -&gt; <a href=\"https:\/\/www.youtube.com\/watch?v=uLd-5aLWN1w\">Trailer<\/a><\/p>\n<p><a href=\"https:\/\/tvmerishausen.ch\/wordpress\/wp-content\/uploads\/2018\/10\/Flyer_Chr\u00e4nzli.jpg\"><img loading=\"lazy\" decoding=\"async\" class=\"alignnone wp-image-934 size-large\" src=\"https:\/\/tvmerishausen.ch\/wordpress\/wp-content\/uploads\/2018\/10\/Flyer_Chr\u00e4nzli-1024x726.jpg\" alt=\"\" width=\"660\" height=\"468\" srcset=\"https:\/\/tvmerishausen.ch\/wordpress\/wp-content\/uploads\/2018\/10\/Flyer_Chr\u00e4nzli-1024x726.jpg 1024w, https:\/\/tvmerishausen.ch\/wordpress\/wp-content\/uploads\/2018\/10\/Flyer_Chr\u00e4nzli-300x213.jpg 300w, https:\/\/tvmerishausen.ch\/wordpress\/wp-content\/uploads\/2018\/10\/Flyer_Chr\u00e4nzli-768x545.jpg 768w, https:\/\/tvmerishausen.ch\/wordpress\/wp-content\/uploads\/2018\/10\/Flyer_Chr\u00e4nzli-700x497.jpg 700w, https:\/\/tvmerishausen.ch\/wordpress\/wp-content\/uploads\/2018\/10\/Flyer_Chr\u00e4nzli-332x236.jpg 332w, https:\/\/tvmerishausen.ch\/wordpress\/wp-content\/uploads\/2018\/10\/Flyer_Chr\u00e4nzli.jpg 1748w\" sizes=\"auto, (max-width: 660px) 100vw, 660px\" \/><\/a><\/p>\n<h2>2017<\/h2>\n<p><a href=\"https:\/\/tvmerishausen.ch\/wordpress\/wp-content\/uploads\/2017\/10\/flyer.jpg\"><img loading=\"lazy\" decoding=\"async\" class=\"alignnone wp-image-852 size-full\" src=\"https:\/\/tvmerishausen.ch\/wordpress\/wp-content\/uploads\/2017\/10\/flyer.jpg\" alt=\"\" width=\"640\" height=\"454\" srcset=\"https:\/\/tvmerishausen.ch\/wordpress\/wp-content\/uploads\/2017\/10\/flyer.jpg 640w, https:\/\/tvmerishausen.ch\/wordpress\/wp-content\/uploads\/2017\/10\/flyer-300x213.jpg 300w, https:\/\/tvmerishausen.ch\/wordpress\/wp-content\/uploads\/2017\/10\/flyer-332x236.jpg 332w\" sizes=\"auto, (max-width: 640px) 100vw, 640px\" \/><\/a><\/p>\n<h2>2016<\/h2>\n<p><iframe loading=\"lazy\" title=\"A DerEinbruch\" width=\"660\" height=\"371\" src=\"https:\/\/www.youtube.com\/embed\/RCK9dPzeTnQ?list=PL4lPLZB-Dt-X687u-qpTjKfphGup0KkFe\" frameborder=\"0\" allow=\"accelerometer; autoplay; clipboard-write; encrypted-media; gyroscope; picture-in-picture; web-share\" referrerpolicy=\"strict-origin-when-cross-origin\" allowfullscreen><\/iframe><\/p>\n<p>Danke an alle Besucher, Helfer und Vereine, welche auch in diesem Jahr das Chr\u00e4nzli Merishausen unvergesslich gemacht haben.<\/p>\n<div style=\"width: 660px;\" class=\"wp-video\"><video class=\"wp-video-shortcode\" id=\"video-41-1\" width=\"660\" height=\"371\" poster=\"https:\/\/tvmerishausen.ch\/wordpress\/wp-content\/uploads\/2015\/04\/Flyer.png\" preload=\"metadata\" controls=\"controls\"><source type=\"video\/mp4\" src=\"https:\/\/tvmerishausen.ch\/wordpress\/wp-content\/uploads\/2016\/09\/Trailer-Alarm-f\u00fcr-Blindschliiche-11-25mb-Kopie.mp4?_=1\" \/><a href=\"https:\/\/tvmerishausen.ch\/wordpress\/wp-content\/uploads\/2016\/09\/Trailer-Alarm-f\u00fcr-Blindschliiche-11-25mb-Kopie.mp4\">https:\/\/tvmerishausen.ch\/wordpress\/wp-content\/uploads\/2016\/09\/Trailer-Alarm-f\u00fcr-Blindschliiche-11-25mb-Kopie.mp4<\/a><\/video><\/div>\n<p><a href=\"https:\/\/tvmerishausen.ch\/wordpress\/wp-content\/uploads\/2015\/04\/Flyer.png\"><img loading=\"lazy\" decoding=\"async\" class=\"alignnone size-full wp-image-709\" src=\"https:\/\/tvmerishausen.ch\/wordpress\/wp-content\/uploads\/2015\/04\/Flyer.png\" alt=\"flyer\" width=\"599\" height=\"833\" srcset=\"https:\/\/tvmerishausen.ch\/wordpress\/wp-content\/uploads\/2015\/04\/Flyer.png 599w, https:\/\/tvmerishausen.ch\/wordpress\/wp-content\/uploads\/2015\/04\/Flyer-216x300.png 216w, https:\/\/tvmerishausen.ch\/wordpress\/wp-content\/uploads\/2015\/04\/Flyer-332x462.png 332w\" sizes=\"auto, (max-width: 599px) 100vw, 599px\" \/><\/a><\/p>","protected":false},"excerpt":{"rendered":"<p>2025 Vorverkauftickets:https:\/\/qrfy.io\/QqcM5Io9xt 2024 Vorverkauf: Wir freuen uns auf deinen Besuch.Durachtal sucht das SUPERTALENT!! 2023 2022 2021 2020 Abgesagt, Corona 2019 2018 Rand\u00e4, \u00fcsi Haamet -&gt; Sketch 2018 Rand\u00e4, \u00fcsi Haamet -&gt; Trailer 2017 2016 Danke an alle Besucher, Helfer und Vereine, welche auch in diesem Jahr das Chr\u00e4nzli Merishausen unvergesslich &#8230;<\/p>\n","protected":false},"author":3,"featured_media":0,"parent":37,"menu_order":20,"comment_status":"closed","ping_status":"closed","template":"","meta":{"footnotes":""},"class_list":["post-41","page","type-page","status-publish","hentry","column","twocol"],"_links":{"self":[{"href":"https:\/\/tvmerishausen.ch\/wordpress\/wp-json\/wp\/v2\/pages\/41","targetHints":{"allow":["GET"]}}],"collection":[{"href":"https:\/\/tvmerishausen.ch\/wordpress\/wp-json\/wp\/v2\/pages"}],"about":[{"href":"https:\/\/tvmerishausen.ch\/wordpress\/wp-json\/wp\/v2\/types\/page"}],"author":[{"embeddable":true,"href":"https:\/\/tvmerishausen.ch\/wordpress\/wp-json\/wp\/v2\/users\/3"}],"replies":[{"embeddable":true,"href":"https:\/\/tvmerishausen.ch\/wordpress\/wp-json\/wp\/v2\/comments?post=41"}],"version-history":[{"count":32,"href":"https:\/\/tvmerishausen.ch\/wordpress\/wp-json\/wp\/v2\/pages\/41\/revisions"}],"predecessor-version":[{"id":2173,"href":"https:\/\/tvmerishausen.ch\/wordpress\/wp-json\/wp\/v2\/pages\/41\/revisions\/2173"}],"up":[{"embeddable":true,"href":"https:\/\/tvmerishausen.ch\/wordpress\/wp-json\/wp\/v2\/pages\/37"}],"wp:attachment":[{"href":"https:\/\/tvmerishausen.ch\/wordpress\/wp-json\/wp\/v2\/media?parent=41"}],"curies":[{"name":"wp","href":"https:\/\/api.w.org\/{rel}","templated":true}]}}